 = 14. Suppose u + z = -4*y + 2*u, y = 2*u + 3. Let h(g) = -g**2 - 4*g + 11. Let p be h(y). What is the highest common factor of 12 and p?
6
Let r = 4363 - 2826. What is the greatest common factor of 551 and r?
29
Suppose 10*b + 621 + 99 = 0. Let p be (7/2)/(-7)*b. What is the highest common factor of 288 and p?
36
Let j be 1/((-948)/(-315) - 3). Suppose -104*h - 87 = -4*y - 105*h, -3*y - 3*h + 72 = 0. Calculate the highest common divisor of y and j.
21
Let m(v) = -2*v + 15. Let n be m(3). Suppose 42*z = 3*u + 39*z - 93, 2*z - 58 = -2*u. What is the greatest common factor of n and u?
3
Let k(z) = 8*z**3 + z**2 - z. Let x = -44 + 45. Let o be k(x). Suppose 41*v - 28 = 34*v. Calculate the greatest common divisor of o and v.
4
Suppose 3*y - 3*d = 9, -3 = 3*d - 12. Suppose j = -y - 1. Let l = 13 - j. What is the greatest common divisor of l and 180?
20
Suppose 3219*p + 4*l = 3222*p - 64393, -3*p + 64418 = l. Calculate the greatest common factor of 51 and p.
51
Suppose 4*v - 11*i + 13*i - 278 = 0, -v - 4*i + 59 = 0. Suppose 3*k - 34 = v. Calculate the highest common divisor of k and 245.
35
Let y be ((-60)/(-14))/10*-7. Let u be -6 + 8 - 12/y*9. Calculate the greatest common factor of 114 and u.
38
Suppose -53*o + 197 = -68. Suppose l + 5*x = 97, 0 = -l + o*x + 59 + 48. Calculate the highest common factor of l and 153.
51
Let h = 75 - 47. Let f(x) = 5*x + 89. Let a be f(-17). Calculate the highest common factor of a and h.
4
Let j be 63/(-5)*100/(-30). Suppose 39*n = 51*n - 756. Calculate the greatest common divisor of j and n.
21
Let t(i) = -i**3 - 6*i - 25. Let f be t(-3). Let p be (50/275 - f/(-11)) + 9. What is the highest common divisor of p and 209?
11
Suppose 42*a - 60*a + 810 = 0. Suppose -24*b + 6100 = -2180. What is the highest common divisor of b and a?
15
Let h(d) = -5*d**3 + 34*d**2 + 247*d - 4. Let i be h(-7). What is the highest common factor of 16 and i?
16
Let d = 245 - 235. Suppose 14*g - d - 326 = 0. What is the greatest common divisor of 84 and g?
12
Suppose -4*n + 5*n - 3235 = -2*v, 4*v - 5*n - 6449 = 0. Calculate the highest common factor of 16 and v.
16
Suppose 4*a = -3*v + 252 - 180, 5*a - 112 = -v. Calculate the greatest common factor of a and 60.
12
Let z be ((-7)/392*14)/((-2)/552). What is the highest common factor of 8625 and z?
69
Let d = 11422 + -10727. What is the highest common divisor of 3197 and d?
139
Let f = 6173 + -6055. What is the highest common divisor of f and 6962?
118
Suppose -12*p + 196 = -44. Suppose -3*k - 2*k = p, 2*k + 318 = 5*c. Suppose -302 = -3*d - c. Calculate the highest common divisor of d and 32.
16
Let k(g) = g**2 + 62*g - 4. Let l(q) = q**2 - q - 3. Let j(o) = -k(o) - 2*l(o). Let r be j(-20). Calculate the highest common factor of r and 310.
10
Let l = 41 + -38. Suppose 949 = 3*x - 2*h, l*x + h = -0*x + 943. Calculate the greatest common divisor of x and 35.
35
Suppose 0 = -10*f + 74 + 236. Suppose 35*h - 704 = f*h. Let q be 8/(-4) - h/(-4). What is the highest common factor of q and 21?
21
Let b(p) = -p**2 - 20*p + 166. Let o be b(-26). Suppose -q + 17 - o = -3*g, 3*q - 51 = -g. Calculate the greatest common divisor of 288 and q.
16
Let g = 306 + -295. Suppose 101 + 3067 = g*f. Calculate the greatest common factor of f and 24.
24
Let d(j) = -j**3 - 5*j**2 - 3*j + 11. Let f be d(-3). Suppose 3*w - f*o - 286 = 0, 5*o = -5*w + 457 - 22. What is the greatest common divisor of w and 8?
4
Let g = -5222 - -5297. What is the greatest common divisor of g and 645?
15
Let i(c) = c + 28. Let j be i(-19). Let z = -4 + 13. What is the highest common factor of z and j?
9
Let n = 318 - 157. Suppose 164*t - n = 163*t. What is the highest common factor of t and 23?
23
Suppose 4*s + 0 - 4 = k, 2*k - 5*s + 2 = 0. Suppose p - 4 = -5*i, -5 = -3*p + i + 7. Calculate the greatest common divisor of k and p.
4
Suppose -a - h + 315 = 0, 7*a - 4*h + 1580 = 12*a. Let d(k) = -k**2 + 10*k + 79. Let y be d(13). Calculate the greatest common factor of y and a.
40
Let m(c) = -64*c + 205. Let j be m(3). Let u be -1 + (1 - -1) - 2. Let q = u + 144. Calculate the highest common divisor of j and q.
13
Let p(s) = s**3 + 18*s**2 - 91*s + 96. Let g be p(-22). Calculate the highest common factor of g and 405.
81
Suppose 3*a - 216 = -51. Let d be (11 + -1)/(10/(-15)*-3). What is the highest common factor of a and d?
5
Suppose -172*p + 26488 = 26*p - 49544. Calculate the greatest common factor of 60 and p.
12
Let h be (-1187)/(-4) - 1/(-4). Suppose 5*k - 154 = -7*x, 2*x + k - 78 = -31. What is the highest common factor of h and x?
27
Let p(l) = 2*l**2 - 3*l - 6. Suppose 2*h = 2*f + 6, h - 6 = f + 3*h. Let n be p(f). Calculate the highest common divisor of n and 76.
38
Let p(w) = -4 + 1 - 25*w + 16*w - 7. Let s be p(-5). Calculate the highest common divisor of s and 175.
35
Suppose -100 = -7*u - 3*u. Suppose 15*m - u = 13*m. Let z(j) = 2*j**2 - 3*j - 11. Let v be z(m). What is the highest common divisor of 3 and v?
3
Let z = 1 + 15. Suppose 2*r + 2722 = 9*g, -r = -58*g + 57*g + 297. What is the greatest common divisor of z and g?
16
Suppose 0 = a + 3*c - 199 - 2, -4 = 4*c. What is the greatest common factor of a and 136?
68
Suppose -49*t + 867499 = 30*t. What is the highest common divisor of t and 278?
139
Suppose -2*u + 37 - 23 = 0, -4*u = 3*q - 1423. What is the highest common factor of 30 and q?
15
Let u be 32*(3 + (-21)/(-21) + 30/8). What is the highest common factor of u and 155?
31
Let k(s) = s**3 + 19*s**2 + 19*s - 53. Let v be k(-19). Let b = -369 - v. What is the highest common factor of 35 and b?
5
Let i be 56/(-16)*(-216)/42. Suppose 31*t = i*t + 26. Calculate the greatest common divisor of 8 and t.
2
Let d(h) = -7*h + 5. Let z be d(-5). Suppose 908 = 4*t + 4*b, 5*t - 848*b - 1114 = -850*b. Calculate the highest common divisor of z and t.
20
Let x = 159 + -156. Suppose -5*z + 74 = c - 13, x*z + 5*c = 61. Let a(f) = -f**2 - 8*f + 5. Let p be a(-6). What is the highest common factor of p and z?
17
Suppose 0 = -5*h - d + 2*d + 1446, 874 = 3*h + d. Let q be h/75 + (-8)/(-60). What is the highest common divisor of q and 28?
4
Suppose 10*a - 1110 = 200. Let z = 135 - a. Calculate the highest common divisor of 2 and z.
2
Suppose i + 140 - 44 = 9*i. What is the greatest common divisor of i and 84?
12
Let f(n) = -n**2 - 35*n - 61. Let d be f(-33). Suppose 0 = 5*t + d*l + 5, -l = -4 + 6. Calculate the greatest common divisor of 13 and t.
1
Suppose 5*l + 2*o = -0*l + 39, -3*o + 6 = 0. Let y = 94156 + -94037. Calculate the greatest common factor of y and l.
7
Let p = 52561 - 52197. Suppose 0 = n - 56 + 4. What is the highest common divisor of p and n?
52
Let f(d) = -d**2 + 22*d - 35. Let i be f(20). Let o be ((-24)/i)/((-14)/(-105)). Let x be (0 - (-3 - 1*-4))*o. Calculate the greatest common divisor of x and 4.
4
Let h(o) = -68*o + 4. Let f be h(9). Let b = f - -851. Suppose -5*q = -5*g + 130, -12*g + 15*g + 5*q - 86 = 0. What is the greatest common factor of b and g?
27
Suppose -4*m + 1738 = 5*k, -12*k + 11*k + 2 = 0. Calculate the highest common factor of m and 4176.
144
Let r be 1/(-4 + 615/153). Let g(c) = -8*c + 19. Let n(s) = -1. Let o(q) = -g(q) - 4*n(q). Let y be o(4). Calculate the highest common divisor of r and y.
17
Let z(b) = 5*b + 4*b**2 - b + 2*b**2 - 3. Let c be z(2). Let m(v) = 232*v. Let l be m(1). What is the greatest common divisor of l and c?
29
Suppose 0 = 2*k - k - 5*n + 97, 4*k = -2*n - 432. Suppose -m + 15 = 4*d - 163, -5 = d. Let u = m + k. Calculate the greatest common factor of 39 and u.
13
Let s(w) = -w**3 + 118*w**2 + 17*w - 664. Let h be s(118). What is the highest common factor of 33 and h?
11
Let u(y) = -15*y**2 + 400*y - 134. Let n be u(26). What is the greatest common divisor of 72 and n?
18
Let o = 24 - 21. Let x be -1*o/9 + 30/9. Let j be -4 - (x - 540/4). Calculate the highest common factor of 16 and j.
16
Let h(z) = z**2 - 20*z - 855. Let u be h(42). What is the highest common divisor of u and 782?
23
Let d be (1 - -1168)/(1155/42 + -27). What is the greatest common divisor of d and 112?
14
Let i be (-28)/10*(-765)/(-4 - 5). Let u be (-980)/i - 6/51. What is the greatest common factor of 548 and u?
4
Suppose 8*y + 13*y = 588. Suppose 32*q - y = 30*q. Calculate the highest common factor of q